it of m?
1
Let b = 632 + -190. What is the units digit of b?
2
Let d = -1347 + 2285. What is the units digit of d?
8
Let k = 16 - -4. Suppose 13*v + 1029 = k*v. What is the tens digit of v?
4
Let w(x) = -12*x**2 - 2*x - 6. Let h be w(-4). Let k = h + 273. Suppose -3*p - 17 = -k. What is the units digit of p?
2
Suppose 0 = 3*p + 12, 37 = 3*m - 3*p + 5*p. Let a = 1 + m. Let i = a + -6. What is the units digit of i?
0
Let s = 17 + -13. Suppose -n + 5 = s*w - 2, 5*w - 4*n + 7 = 0. Suppose -5*z - 2*g = -127, -z + 3*g + 21 = -w. What is the tens digit of z?
2
Let s = -1405 + 2188. What is the tens digit of s?
8
Let j(k) = k**2 + 3*k + 3. Let a be j(-3). What is the units digit of ((-2)/(-5))/(a/15)?
2
What is the hundreds digit of (16/72*3)/((-4)/(-654))?
1
Suppose 1796 = 9*i - 1273. What is the units digit of i?
1
What is the tens digit of 75*(63/7 - -10)?
2
Suppose 3*l = 2*l + 5. Suppose m - 12 = l*m. What is the tens digit of (m - -12*1) + 2?
1
Let o = -52 - -922. What is the units digit of o?
0
Let w(u) = u**2 - u - 2. Let g be w(2). Suppose g = -5*c + 2*c - 93. Let b = -20 - c. What is the tens digit of b?
1
Suppose 5*v = v + 16. Suppose -5*x + 40 = 5*t, v*t + 0 + 4 = 5*x. Let r(h) = -h**3 + 6*h**2 - 3*h. What is the units digit of r(t)?
0
Let j = 11 + 2756. What is the thousands digit of j?
2
Suppose 5077 = 2*v - 3*f, -v = -23*f + 24*f - 2531. What is the units digit of v?
4
Suppose -u + 16 = u. What is the units digit of ((-81)/(-2))/(6/u)?
4
Let i(v) = 1. Let g(l) = -11*l + 13. Let j(w) = -g(w) + 5*i(w). Suppose 4*u = -0*u + 16. What is the units digit of j(u)?
6
What is the tens digit of (-11265)/(-10)*56/21?
0
Suppose 10*p - 3600 = -370. What is the tens digit of p?
2
Suppose -3*u + 2*u = 0. Let b be -1*(38 - (1 - u)). Let w = -16 - b. What is the tens digit of w?
2
Let u(t) = 4*t - 2. Let n be u(3). Suppose -n*g = -11*g + 54. What is the tens digit of g?
5
Let w = -1 + -2. Let a be (6/(-9))/(w/423). Suppose -3*d = x - 6*x + 106, -5*x = 3*d - a. What is the units digit of x?
0
Suppose 11 = 9*z - 7. What is the units digit of z?
2
Let g = -1310 - -1864. What is the hundreds digit of g?
5
Let v = -7 - 6. Let a = -9 - v. Suppose 34 = a*m - 74. What is the units digit of m?
7
Let u be (-69)/46*(-146)/3. Let y = u - 1. Suppose -5*n + y = 17. What is the units digit of n?
1
Suppose -6 = 3*p, -12*z + 7*z + 2*p + 9104 = 0. What is the units digit of z?
0
What is the tens digit of 240 - (4 + 1 + -7)?
4
Let y(u) = 32*u**3 - 2*u**2 - 5*u. What is the thousands digit of y(4)?
1
What is the tens digit of (-12 - (-6 - 12))*(-1234)/(-4)?
5
Suppose 2*u - 15 = -5. Let l(b) = 9*b**2 - 5 - 2*b - 13*b**2 - 2*b + u*b + b**3. What is the units digit of l(5)?
5
Let w be ((-5)/20)/((-2)/24). Suppose 5*u = -5*c - 15, 0*c + 9 = w*u - 3*c. Suppose u + 3 = i. What is the units digit of i?
3
Let i = 2660 + -2176. What is the units digit of i?
4
Let a(v) = v**3 + 11*v**2 + 5*v + 7. Let c = -11 - -1. What is the tens digit of a(c)?
5
Suppose 5*g = 5*u + 3*g - 16, -u - 2*g + 8 = 0. Suppose u*v - v + 5*h - 460 = 0, -3*h + 15 = 0. What is the tens digit of v?
4
Suppose -16*s + 25 - 153 = 0. Let y(d) = d**3 - 5*d**2 - d + 3. Let q be y(5). What is the units digit of q - 2/4*s?
2
Let u = -39 + 79. Let b = u + -64. What is the units digit of 15*(-20)/b*2?
5
Suppose 6*f + 50 = f. What is the tens digit of -4*(291/f - 6/15)?
1
Let t be 32*50/(-4)*-1. Suppose 2*o = 2*g - 4*g + 196, -4*g - 2*o + t = 0. What is the tens digit of g?
0
What is the hundreds digit of (-286)/3*63/(-42)?
1
Let v be (8 + 1)*1/(-3). Let w be (-3)/((v/(-4))/3). What is the units digit of (-2)/w + 310/12?
6
Let u be -4 - (5 - (-9)/(-3)). Let m be 175/10 - 3/u. Suppose 98 = 5*q + m. What is the units digit of q?
6
Suppose -5*o = -23 - 7. Let u = 52 + o. What is the units digit of u?
8
Suppose 58 + 0 = 3*y - 5*a, 0 = 5*y + 3*a - 108. Let l = -6 + y. What is the tens digit of l?
1
Let m be (-5)/((-30)/12)*(-6)/(-4). What is the tens digit of m + -254*(-1)/1?
5
Suppose 2*c - 40 = -4*w, -4*w + 9*w - 3*c - 72 = 0. Suppose 3*o + 9 = 0, p + 0*o - w = o. Suppose -3*l = -6, -3*s = -2*s - l - p. What is the units digit of s?
1
Let c(u) = -17*u - 8. Let x(m) = m. Let t(z) = -c(z) - 4*x(z). What is the hundreds digit of t(9)?
1
Let d = 66 + -45. Let l = 80 - d. Let z = l - 22. What is the tens digit of z?
3
Suppose -j = -4*b - 852, -5*j + 4*b - 695 = -5019. What is the units digit of j?
8
Let k(x) = -x**3 - 4*x**2 + 10*x - 22. Let w be k(4). Let c = w + 348. What is the hundreds digit of c?
2
Suppose 2*g = -f + 2328, -2*g - 7000 = -6*f + 3*f. What is the hundreds digit of f?
3
Let j = 9 + -9. Suppose 0 = 5*i - 5*y + 140, j*i - i + 2*y - 24 = 0. Let w = 54 + i. What is the units digit of w?
2
Suppose 0 = -0*t + 3*t - z - 11, 4*z + 14 = -3*t. Suppose -t*x = 145 - 405. What is the tens digit of x?
3
Suppose -c = -3*j - 329, -8*j + 331 = c - 12*j. What is the units digit of c?
3
Let s be (-78)/(-18) + -3 + (-4)/(-6). What is the units digit of -230*2*s/(-8)?
5
Let w = 4308 + -1741. What is the hundreds digit of w?
5
Suppose -1158 = -574*c + 572*c. What is the units digit of c?
9
Let s be ((-6)/(-5)*1)/(2190/58400). Let p = 1 - -25. Let t = p + s. What is the units digit of t?
8
Let r(i) = 5*i**2 - 29*i - 60. What is the thousands digit of r(25)?
2
What is the hundreds digit of 1035 - ((-3)/12)/(2/40)?
0
Suppose 633 = 3*c + x, -3*c + 3*x = -4*c + 219. What is the units digit of c?
0
Let y be (-8)/(-20)*(1 + -16). Let c(i) = i**2 + 5*i - 4. Let t be c(y). Suppose 3*g + 3 = -3*n, t*n + 3*g + 6 = -0*g. What is the units digit of n?
3
Suppose 5*i - 20 = 0, 4*i - 17 = -5*h + 4. Let b(z) = 119*z - 4. What is the tens digit of b(h)?
1
Suppose -4*z + 2*v + 0*v = -8, 2*z - 2*v - 4 = 0. Let d = z - 8. What is the units digit of ((-3)/d)/(1/2)?
1
Let a be 2/4 - 2/12*3. Suppose -18*p + 2*b = -19*p + 273, -2*p - 2*b + 540 = a. What is the tens digit of p?
6
Suppose -2*q - 7 = 2*l + 3*q, -15 = 5*q. Suppose 2*r + 44 = -5*c - 50, -2*c = l*r + 44. Let h = c + 22. What is the units digit of h?
4
Suppose 0 = 113*s - 105*s - 1552. What is the tens digit of s?
9
Let u(x) = x**3 + 39*x**2 + 99*x + 67. What is the tens digit of u(-36)?
9
Suppose 33*n - 112229 = -13130. What is the thousands digit of n?
3
Suppose -6*a + 9643 + 7169 = 0. What is the units digit of a?
2
Suppose -3*j = r - 5*j + 11, 3*r = -j - 47. Let v = r + 17. Suppose 5*k = 4*l + 110 - 11, 40 = v*k - 2*l. What is the tens digit of k?
1
Suppose -6*c = -c - 25. Let u(b) = 4*b**2 + 2*b + 1. Let p be u(-2). Suppose 0 = 2*j + 3*j - 3*m + c, -4*j - m + p = 0. What is the units digit of j?
2
Suppose 0 = -4*b - 0*b + 64. Let q be 11 + b/(-4) + -1. What is the units digit of (q/3 - 1)*49?
9
Suppose 2*h - 3 = -j, 1 = -5*j - 4. What is the units digit of 7 - 9/((-9)/h)?
9
Let s = 1014 - 592. What is the hundreds digit of s?
4
Suppose t = 1167 + 1061. What is the units digit of t?
8
Suppose -3477 + 10308 = 11*n. What is the units digit of n?
1
Suppose 0*q + 2*q = -4*a + 14, -a + 5*q - 2 = 0. Let z(f) = 4*f**2 - 5*f + 6. What is the tens digit of z(a)?
2
Let a be 7/(-21) - (-1513)/3. Suppose -10*f = -f - a. What is the tens digit of f?
5
Let p(o) = 4*o**2 + 225*o + 195. What is the thousands digit of p(-64)?
2
Let r(l) = 5*l - 42. Let f be r(8). What is the units digit of 2/(-2)*f + (-51 - -200)?
1
Let p = -35 + 37. Suppose 4 = 2*f + p. What is the units digit of f?
1
Let z = 10 + -12. Let x be 3 - 2 - -2 - z. Let y = 10 - x. What is the units digit of y?
5
Suppose h + 42 = -11. Let d be (h/4)/(1/(-4)). Suppose 4*i - 15 = d. What is the units digit of i?
7
Let d(z) = z**3 + 4*z**2 - 3*z - 12. What is the units digit of d(7)?
6
Let h(c) = 13*c**3 - 2*c**2 - c + 1. Let d be h(2). Suppose -3*r - 194 = -5*r - 2*u, r - d = -2*u. What is the units digit of r?
9
Let r = 76 + 118. Let y = r - -57. What is the tens digit of y?
5
Suppose -27 = -l - 2*l. Let i = l + -15. Let w(p) = -p**2 - 8*p + 4. What is the tens digit of w(i)?
1
Suppose 81 + 81 = -2*i. Let z = 16 - i. What is the units digit of z?
7
Let z(q) = -q**3 + 6*q**2 - 3*q - 1. Let s be z(5). Suppose 4*r = 2*k - 6*k + 32, -3*k + s = 0. What is the units digit of r?
5
Suppose 10*w + 1 = 11*w. Let d(o) = 262*o**2 + 4*o. What is the hundreds 